 h = 816 - 229. What are the prime factors of h?
587
Suppose 4*c - 161 - 119 = 0. Let q be c/(-21)*(-18)/5. Suppose 0 = a + 2*a - q. What are the prime factors of a?
2
Let s be ((-4)/2 - (-3 + 2)) + 9. Suppose -k + 3*o - s = -2*o, -2*o - 1 = -k. List the prime factors of k.
7
Let n = -54 - -69. Suppose g = 16 + n. What are the prime factors of g?
31
Let f(q) = 5*q**3 - q + 1. Let k be f(1). Suppose 136 = -2*h - 5*m + 495, -2*m + 845 = k*h. What are the prime factors of h?
167
Let l(m) = -28*m**3 + 24. List the prime factors of l(-5).
2, 881
Suppose c + 3 = 9. Suppose -c*o = -16 - 2. Suppose -20 = -2*t + 2*g, 0*t + 26 = o*t - 2*g. What are the prime factors of t?
2, 3
Let d(a) be the first derivative of a**4/2 - 8*a**3/3 + 3*a**2 - 11*a - 19. List the prime factors of d(5).
3, 23
Suppose -14*h + 670 = -9*h. Let n = h - 99. What are the prime factors of n?
5, 7
Suppose -21*u + 409 + 5912 = 0. What are the prime factors of u?
7, 43
List the prime factors of -4 - (-3)/(((-49)/2310)/(-7)).
2, 17, 29
List the prime factors of (30 + 2)*5/(60/354).
2, 59
Let i(q) = 26*q + 32. What are the prime factors of i(8)?
2, 3, 5
Suppose -2*n + 2 = u - 4, 4*u = 2*n + 14. Suppose m - 82 - n = 0. What are the prime factors of m?
83
Suppose -3*j + 2 = -5*w, -w - 4 = -2*j + w. Let q be -21*j/((-8)/6). Suppose 4*c + 15 - q = 0. List the prime factors of c.
2, 3
Suppose -2*b + u = 1661, -4*b - 3325 = -12*u + 7*u. List the prime factors of (-6)/27 - b/9.
2, 23
Let w = 370 - 264. List the prime factors of w.
2, 53
Suppose -8 = 5*q + 12. Let j(d) = -d**3 + d + 9. Let m be j(q). Let o = m - 38. What are the prime factors of o?
31
Let z = -50 + 52. Let l(h) = 19*h**2 - 3*h. What are the prime factors of l(z)?
2, 5, 7
Suppose 70*s - 20*s - 49950 = 0. What are the prime factors of s?
3, 37
Suppose -3*c + 6 = -0, 0 = -5*v + 5*c + 2540. List the prime factors of v.
2, 3, 5, 17
Let s be (-4)/(-8) + 1174*3/12. Let f = s + -166. What are the prime factors of f?
2
Let z = -1273 + 2026. What are the prime factors of z?
3, 251
Let z(a) = 3*a**2 + 6*a + 3. Suppose -3*n = -5*b + 11, 4*b + 0 = n - 8. Let l be (-2 - -4)/6*n. List the prime factors of z(l).
3
Let q = 1 + -1. Suppose 3*z + 240 = 3*i, q = 5*i + z - 0*z - 412. Suppose 4*v - 18 = i. What are the prime factors of v?
5
Let d = 394 - 570. Let x = -82 - d. What are the prime factors of x?
2, 47
Let x(h) = 2*h**2 - h. Suppose -2*n + 2 + 0 = 0. Let f be x(n). Let c(a) = 42*a**2 - 2*a + 1. List the prime factors of c(f).
41
Let y = -923 - -1410. What are the prime factors of y?
487
Let c(a) = 2*a**3 - a**2. Let y be c(1). Let x(w) = 11*w**3 + w**2 - 2*w + 2. List the prime factors of x(y).
2, 3
Suppose 28 = 2*o + 2*o. Let m = 346 - 345. List the prime factors of (m - (-22)/14)*o.
2, 3
Let d(x) = -x**3 - 5*x**2 + 5*x - 5. Let f be d(-6). Let t = f - -6. List the prime factors of t.
7
Let w = 4 + -6. Let o = 127 - 125. Let s = o - w. List the prime factors of s.
2
Let c(u) = 7*u. Let f be c(1). Let p(a) = 8 - 292*a + 587*a - 293*a. List the prime factors of p(f).
2, 11
Let a(h) = -4*h - 7. Let c be a(-3). Suppose -p + 2*p - c*g + 8 = 0, -p = -g. Suppose 3*n - n + 36 = p*x, -3*n = -5*x + 82. List the prime factors of x.
2, 7
Let y(s) = 2*s**2 + 6*s + 2. Let p be y(-6). Suppose -2*l + 2*h = -3*l + p, 2*l - 73 = -h. Suppose -3*g + g = -l. List the prime factors of g.
2, 3
Suppose -h - 3*s + 7084 = 1229, 0 = h - 4*s - 5827. List the prime factors of h.
5843
Let m(o) = o**3 + 49*o**2 - 62*o - 225. List the prime factors of m(-50).
3, 5
Let n(l) = -10*l**2 - l + 10. Let w be n(-3). Let m = w - -50. List the prime factors of (-2 - (-4 - -3))*m.
3
Let b = 10 + -8. Let d be 1 + (b - 4) - -3. Suppose -d*q + 16 = -6. List the prime factors of q.
11
Let f = -26 + 41. Suppose -17*q = -f*q - 108. List the prime factors of q.
2, 3
Let j be (-3*12/9 - -5)*7. List the prime factors of (0 + (-155)/(-15))*(-1 + j).
2, 31
Let i = 3 + -3. Suppose -4*x + 5*z + i*z + 25 = 0, 10 = 5*x - 2*z. Suppose 2*d + x*d = -3*t + 87, -3*d + 22 = t. List the prime factors of t.
31
Suppose 5*z = 5*x - 2423 - 1742, -z + 3307 = 4*x. List the prime factors of x.
2, 3, 23
Let b(p) = 164*p**2 + 32*p + 59. List the prime factors of b(-2).
3, 7, 31
Let y = 10 - 10. Suppose -7*n + 6*n - 5 = y. Let c = 4 - n. List the prime factors of c.
3
Let l(c) = 22*c + 67. Let d be l(18). Let r = -265 + d. What are the prime factors of r?
2, 3, 11
Let k be (4 - 3) + -5 - 9. List the prime factors of (-609)/k - 8/(-52).
47
Suppose x = -3, -k = -4*x - 35 - 29. Suppose -12*l + 14*l - k = 0. What are the prime factors of l?
2, 13
Let m = -528 + 714. What are the prime factors of m?
2, 3, 31
Let b(l) = 68*l + 168. What are the prime factors of b(10)?
2, 53
Let c(h) = -h**3 - 4*h**2 + 35*h - 7. List the prime factors of c(-15).
29, 67
Let x = 79 - 51. Let j = -28 + x. Suppose j = 15*u - 16*u + 24. What are the prime factors of u?
2, 3
Let w = -7 - -8. Let v = w + -2. Let o(k) = -5*k**3 + k**2 + k + 1. List the prime factors of o(v).
2, 3
Suppose 2*s - 5*c = 5245, 193 = -s - c + 2833. What are the prime factors of s?
5, 17, 31
Let v(n) = n**3 - 5*n**2 - n - 5. Let h = -29 - -7. Let b = -16 - h. What are the prime factors of v(b)?
5
Let k(s) = -8*s - 5. Let n be 1/(-4) + 38/(-8). List the prime factors of k(n).
5, 7
Let r = -2278 + 3319. What are the prime factors of r?
3, 347
Let a = -637 - -1548. What are the prime factors of a?
911
What are the prime factors of (2250 + 2)/(55 - 53)?
2, 563
Let v(l) = l**3 - 3*l**2 + 2*l + 1431. List the prime factors of v(0).
3, 53
Suppose 18 = 4*g - 5*c + 3*c, 0 = -3*g + 2*c + 16. Let a be -2 - (-1)/(g/4). Suppose 4*j + z = -0*z + 60, a = -4*z. What are the prime factors of j?
3, 5
Suppose 2*i - 2 = 6. Suppose 0 = i*k - 7*k + 135. What are the prime factors of k?
3, 5
Let r(h) = 634*h + 8. What are the prime factors of r(1)?
2, 3, 107
Let w = 427 + -102. What are the prime factors of w?
5, 13
Let w(q) = 6*q - 39. Let j be w(9). Let o(v) = -62*v + 4. Let i be o(8). What are the prime factors of (5/j)/((-4)/i)?
41
Let p be (-1)/((-45)/50 + (-3)/(-3)). Let b(f) = 3*f**2 + 3*f - 32. List the prime factors of b(p).
2, 7, 17
Suppose -2*f + 22 = f - 4*j, -10 = 3*f + 4*j. Suppose 2*z = -4*i - 0*i + 26, f*i = z - 1. What are the prime factors of z?
7
Let t be (44/12 + -3)*3. Suppose -5*w - 284 = -3*o, -5*w + 47 + 109 = t*o. List the prime factors of o.
2, 11
Let a(d) = -d**2 + 3*d + 7. Let o be a(4). Suppose 0 = p - 5*v + o - 0, 0 = -5*p - 2*v + 39. What are the prime factors of p?
7
Suppose -9 = x - 5*n, 5*n = 5*x + 20 + 5. Suppose 6 = -4*o + b, 0 = -4*o + 3*o + 3*b - 7. What are the prime factors of (o*7)/(x + 3)?
7
Suppose 5*q - q - 92 = 0. Let l = 35 + -30. Suppose l*y - q = 17. List the prime factors of y.
2
Suppose -5*d = -0*d + y - 148, -4*d + y = -122. Suppose z + d - 68 = 0. List the prime factors of z.
2, 19
Let j(z) = z. Let o(w) = w**2 + 7*w - 6. Let h(r) = 3*j(r) + o(r). List the prime factors of h(-12).
2, 3
Let i(v) = -9*v**3 - 2*v**2 - 4*v - 6. Let w be i(-4). Suppose 0 = 7*j - w - 55. List the prime factors of j.
3, 29
Suppose -s = -618 + 121. List the prime factors of s.
7, 71
Let b(h) be the second derivative of h**5/20 - 7*h**4/6 + h**3/6 - 5*h**2/2 + h. Let a = 122 + -108. What are the prime factors of b(a)?
3
Suppose -7*j + 2*j + 5*n = 0, j + 4 = 3*n. What are the prime factors of j/7 - (-1128)/21?
2, 3
What are the prime factors of (-6)/30 + (-20605)/(-25)?
2, 103
Suppose -12 = -4*r, 0*v - 3*r - 18 = -3*v. List the prime factors of 1 + v/(-11) - 4788/(-44).
109
Let d = 1123 + -378. List the prime factors of d.
5, 149
Suppose 469 = 3*u - 6*h + h, -5*u = h - 763. List the prime factors of u.
3, 17
Let g(b) = 1 + b + 0*b**2 + b**3 - b**2 - 2*b**2. Let n be g(3). Suppose 104 = 4*m - 3*a, 26 = n*m - 4*a - 78. List the prime factors of m.
2, 13
Let w = 6234 - 3903. List the prime factors of w.
3, 7, 37
Let h = 13 - -234. List the prime factors of h.
13, 19
Let k(j) = -5 - 10*j - 10 + 0 - 1. Let h be k(5). What are the prime factors of ((-30)/18)/(2/h)?
5, 11
Let u = -16 + 20. Suppose 4*d - 589 = 5*i, 569 = u*d - 0*i - i. List the prime factors of d.
3, 47
Let q(p) = -6*p + 9 - 8*p**2 + 0*p**3 + 4*p**2 - p**3 - 4*p**2. Let l be q(-7). Let k(o) = o**3